r of 3138 and 26197593.
1569
What is the highest common divisor of 15051872 and 303292?
2684
What is the highest common factor of 3094 and 1710506?
238
What is the highest common factor of 1839 and 64040723?
613
What is the highest common factor of 5651 and 4314103373?
5651
What is the greatest common factor of 3271692 and 8?
4
What is the greatest common divisor of 34574765 and 310?
155
Calculate the greatest common factor of 715 and 2194049.
143
What is the greatest common divisor of 188638157 and 7779?
2593
Calculate the greatest common divisor of 2402 and 10031953.
1201
Calculate the highest common divisor of 65 and 33780695.
65
What is the greatest common factor of 4344 and 4755956?
724
Calculate the greatest common divisor of 5712 and 258399456.
5712
Calculate the greatest common divisor of 813993 and 14523.
141
What is the highest common factor of 51799 and 12611533?
3047
Calculate the highest common factor of 1719969280 and 31.
31
What is the highest common factor of 1587792 and 516?
12
Calculate the greatest common factor of 125214 and 286098.
246
What is the greatest common divisor of 10186339 and 5846?
79
What is the highest common divisor of 1072223 and 407?
37
Calculate the greatest common factor of 1393454 and 353632.
514
What is the highest common factor of 123091297 and 3297?
1099
What is the greatest common factor of 77619420 and 180?
180
Calculate the highest common divisor of 5974751 and 14453.
149
Calculate the greatest common factor of 921419 and 34079.
643
Calculate the greatest common factor of 45 and 140028960.
15
What is the greatest common divisor of 16003 and 22987694?
1231
What is the greatest common divisor of 11026177 and 68991?
1769
What is the highest common factor of 24 and 28855344?
24
Calculate the greatest common factor of 2365907 and 10034.
29
Calculate the greatest common divisor of 20251063 and 1057.
1057
What is the greatest common factor of 60063947 and 2917?
2917
What is the greatest common divisor of 21741005 and 39763?
2339
What is the greatest common factor of 168 and 11596392?
24
What is the highest common divisor of 1774024 and 133747?
79
What is the greatest common divisor of 515028 and 644556?
3084
Calculate the highest common factor of 27 and 39021147.
9
What is the highest common divisor of 291240433 and 22?
11
Calculate the highest common factor of 21 and 71535.
3
Calculate the highest common factor of 62139 and 169739.
269
What is the greatest common factor of 779342 and 703?
19
What is the highest common divisor of 268 and 15145015?
67
What is the greatest common factor of 15266623 and 1103?
1103
What is the highest common factor of 1969863 and 4389?
399
Calculate the greatest common divisor of 2641 and 546131.
139
Calculate the greatest common factor of 1635998 and 7462.
182
What is the greatest common factor of 31027813 and 20408?
2551
Calculate the greatest common divisor of 15106 and 31781862.
1162
Calculate the highest common factor of 199287 and 18720.
9
What is the greatest common factor of 4138237 and 3263?
251
What is the highest common divisor of 116616 and 498112?
344
What is the greatest common factor of 3164406 and 317973?
3831
What is the highest common factor of 111972 and 151032?
2604
Calculate the greatest common divisor of 10890356 and 2608.
652
What is the greatest common divisor of 4620 and 564060?
420
Calculate the greatest common factor of 43690 and 85466378.
8738
What is the highest common divisor of 1118 and 893802?
26
What is the highest common divisor of 161257988 and 2996?
428
Calculate the highest common divisor of 53948 and 25996.
4
Calculate the greatest common factor of 132841856 and 3584.
896
Calculate the greatest common divisor of 740 and 114015130.
370
Calculate the highest common divisor of 61952 and 8329984.
256
Calculate the greatest common divisor of 16765 and 71015.
35
What is the greatest common factor of 25156 and 4875020?
76
What is the greatest common factor of 77 and 71847875?
11
Calculate the highest common divisor of 39640 and 5530.
10
Calculate the greatest common divisor of 38049653 and 2146.
1073
What is the greatest common divisor of 174 and 18960867?
87
Calculate the highest common factor of 18581 and 545407.
1093
What is the highest common factor of 100320 and 798380?
4180
What is the greatest common factor of 1649922 and 492?
246
Calculate the greatest common factor of 5305950 and 1296.
18
What is the highest common factor of 47890375 and 200?
25
What is the highest common factor of 18520218 and 73278?
3186
What is the greatest common divisor of 7 and 1178447193?
7
What is the highest common factor of 1925910 and 540?
270
What is the greatest common factor of 225275865 and 531?
177
Calculate the highest common divisor of 114048 and 4708.
44
Calculate the greatest common divisor of 226 and 58673555.
113
Calculate the highest common divisor of 1338364 and 48.
4
What is the highest common factor of 163900 and 2332?
44
What is the greatest common factor of 302 and 635490597?
151
What is the greatest common factor of 19007405 and 11150?
1115
What is the highest common factor of 692362 and 35090?
242
Calculate the greatest common divisor of 2944 and 2976752.
368
What is the highest common factor of 19269993 and 51?
51
Calculate the greatest common divisor of 169375 and 1073125.
625
What is the highest common factor of 319307770 and 17?
17
Calculate the greatest common factor of 208 and 8830081.
13
Calculate the greatest common divisor of 2410 and 1402138.
482
Calculate the greatest common divisor of 73 and 75723922.
73
Calculate the highest common divisor of 409 and 1908230809.
409
What is the highest common divisor of 4 and 9142806?
2
What is the greatest common factor of 32175199 and 316?
79
What is the greatest common factor of 65114956 and 382?
382
What is the highest common divisor of 1799 and 1484084?
7
Calculate the highest common divisor of 57096 and 372710.
1586
Calculate the highest common divisor of 35383581 and 7992.
999
Calculate the highest common divisor of 165 and 400575010.
55
What is the greatest common divisor of 1072903808 and 32?
32
What is the highest common factor of 94788 and 71568?
36
What is the highest common divisor of 148 and 102368?
4
Calculate the greatest common divisor of 4088280 and 5270.
310
Calculate the greatest common divisor of 810 and 525870.
90
Calculate the greatest common factor of 9133152 and 2096.
16
Calculate the greatest common divisor of 12771534 and 5016.
114
What is the highest common factor of 4735 and 2184729?
947
Calculate the greatest common divisor of 64784 and 3518581.
4049
What is the highest common factor of 7915072 and 3872?
352
What is the greatest common factor of 336 and 722169?
21
Calculate the greatest common factor of 4084043 and 22023.
2447
What is the highest common divisor of 531 and 18124446?
177
Calculate the greatest common divisor of 34 and 1031237459.
17
What is the greatest common factor of 717288 and 17537?
247
What is the greatest common factor of 1 and 7532339?
1
Calculate the highest common divisor of 10052654 and 113958.
974
Calculate the highest common factor of 116 and 863930.
2
Calculate the greatest common divisor of 7230860 and 224.
28
Calculate the greatest common factor of 138064597 and 11.
11
What is the greatest common factor of 11606982 and 305754?
2334
What is the greatest common factor of 35 and 4549920?
5
What is the highest common factor of 1097431905 and 235?
235
Calculate the greatest common factor of 999480997 and 103.
103
Calculate the highest common divisor of 625799 and 203740.
61
Calculate the greatest common divisor of 187077 and 6457.
11
Calculate the greatest common factor of 4010266 and 11050.
442
Calculate the greatest common divisor of 3687 and 156150.
3
Calculate the highest common factor of 402 and 94910726.
134
Calculate the greatest common factor of 3185741 and 101609.
5977
Calculate the greatest common factor of 1350 and 377244150.
150
Calculate the greatest common divisor of 59851 and 5555.
11
What is the greatest common divisor of 125290 and 9758?
34
Calculate the greatest common factor of 432 and 20706768.
144
Calculate the greatest common divisor of 981 and 36729621.
981
Calculate the highest common divisor of 242502 and 4388